mmon factor of 430 and 12970.
10
Calculate the greatest common factor of 24557 and 1313.
13
Calculate the highest common factor of 8132 and 931.
19
What is the greatest common divisor of 67184 and 544?
272
Calculate the highest common divisor of 1081408 and 704.
64
Calculate the greatest common divisor of 405 and 2440530.
405
Calculate the greatest common factor of 3103 and 3654.
29
Calculate the greatest common factor of 16 and 5788368.
16
Calculate the highest common divisor of 10745 and 385.
35
What is the highest common factor of 86 and 122937?
43
What is the highest common divisor of 54 and 44944?
2
Calculate the greatest common factor of 9 and 382896.
9
What is the greatest common divisor of 61065 and 48?
3
What is the highest common factor of 210029 and 417?
139
Calculate the highest common factor of 121448 and 646.
646
Calculate the highest common factor of 1839670 and 14.
14
Calculate the greatest common factor of 1185 and 18091.
79
Calculate the greatest common divisor of 17836 and 6517.
343
Calculate the greatest common divisor of 2457 and 991263.
273
Calculate the greatest common factor of 154 and 175021.
77
Calculate the greatest common factor of 779 and 151981.
19
What is the highest common factor of 304893 and 342?
171
What is the highest common divisor of 5100 and 7300?
100
What is the greatest common factor of 14 and 389858?
14
Calculate the highest common divisor of 3124 and 396.
44
Calculate the greatest common divisor of 398225 and 1700.
425
Calculate the greatest common factor of 1017 and 12769.
113
What is the greatest common divisor of 13 and 52013?
13
Calculate the greatest common factor of 115977 and 201.
201
What is the highest common divisor of 5 and 2332210?
5
Calculate the greatest common factor of 55159 and 117.
13
What is the greatest common divisor of 65000 and 715?
65
Calculate the highest common divisor of 999 and 91575.
333
What is the greatest common divisor of 54312 and 2604?
372
What is the highest common divisor of 5400 and 236250?
1350
What is the highest common divisor of 98 and 58114?
98
Calculate the greatest common factor of 652 and 31133.
163
Calculate the greatest common divisor of 23495 and 2159.
127
Calculate the highest common divisor of 103 and 140801.
103
Calculate the highest common divisor of 12 and 43564.
4
What is the greatest common factor of 122 and 58621?
61
Calculate the highest common factor of 31697 and 87.
29
What is the greatest common factor of 768 and 6064704?
192
What is the highest common factor of 2815 and 1515?
5
Calculate the highest common factor of 14 and 73806.
2
What is the highest common factor of 50406 and 186?
186
Calculate the greatest common factor of 19542 and 624.
6
What is the highest common factor of 1023 and 153?
3
What is the greatest common divisor of 225168 and 156?
12
Calculate the greatest common factor of 5744 and 20.
4
Calculate the highest common divisor of 858 and 1606.
22
What is the greatest common factor of 28750 and 138?
46
What is the highest common factor of 270 and 90774?
54
Calculate the greatest common divisor of 215679 and 255.
51
What is the highest common factor of 88 and 7576?
8
What is the highest common factor of 608805 and 90?
45
Calculate the highest common divisor of 6402 and 54.
6
What is the greatest common divisor of 50 and 560150?
50
Calculate the greatest common divisor of 325 and 41782.
13
Calculate the highest common divisor of 50 and 33750.
50
What is the highest common divisor of 26 and 12311?
13
What is the greatest common divisor of 4992 and 8346?
78
What is the greatest common factor of 241068 and 828?
12
Calculate the greatest common divisor of 821 and 1360397.
821
Calculate the greatest common factor of 4323 and 15719.
11
What is the greatest common divisor of 126 and 102186?
126
What is the greatest common factor of 4756 and 203?
29
What is the highest common factor of 476340 and 8?
4
Calculate the greatest common divisor of 2232 and 241304.
248
Calculate the highest common divisor of 3992 and 47405.
499
Calculate the highest common factor of 136 and 189652.
68
Calculate the highest common divisor of 177 and 5437027.
59
What is the highest common factor of 422 and 16707191?
211
Calculate the highest common factor of 272938 and 478.
478
What is the highest common factor of 24734 and 190720?
298
What is the highest common factor of 3042 and 1434?
6
Calculate the highest common divisor of 477 and 906.
3
Calculate the greatest common divisor of 196 and 955892.
196
Calculate the highest common factor of 3192 and 3928.
8
Calculate the greatest common divisor of 768 and 42496.
256
What is the greatest common divisor of 1235 and 3510?
65
Calculate the greatest common divisor of 594 and 309258.
54
What is the highest common divisor of 63 and 822087?
63
Calculate the greatest common divisor of 703 and 12173.
37
Calculate the greatest common divisor of 7564 and 1736.
124
What is the greatest common factor of 3636530 and 230?
230
Calculate the greatest common divisor of 110064 and 192.
48
Calculate the greatest common factor of 8664 and 889143.
1083
What is the highest common divisor of 15460643 and 11?
11
Calculate the greatest common divisor of 53319 and 1806.
21
What is the greatest common factor of 1204 and 4844?
28
Calculate the greatest common divisor of 10 and 15748.
2
What is the greatest common divisor of 18 and 3426?
6
Calculate the greatest common divisor of 483 and 6967758.
483
What is the greatest common factor of 41602 and 139568?
1342
What is the highest common divisor of 38036 and 5032?
148
What is the greatest common factor of 59 and 1438243?
59
What is the greatest common factor of 263557 and 7?
7
What is the highest common divisor of 17568 and 324?
36
Calculate the highest common divisor of 378 and 197190.
126
Calculate the highest common divisor of 7739 and 1278.
71
Calculate the greatest common divisor of 252 and 9396.
36
Calculate the highest common factor of 1 and 120761.
1
What is the highest common factor of 3796 and 65572?
52
Calculate the greatest common divisor of 31316 and 92.
4
What is the greatest common factor of 160 and 32090?
10
Calculate the greatest common divisor of 254 and 20574.
254
What is the greatest common factor of 77341 and 40139?
979
Calculate the greatest common factor of 729147 and 2465.
493
Calculate the greatest common factor of 376 and 23650776.
376
Calculate the highest common factor of 4544 and 7936.
64
Calculate the highest common divisor of 17996 and 2728.
44
What is the highest common factor of 2513 and 110931?
359
What is the greatest common divisor of 56897 and 9?
1
Calculate the highest common divisor of 27646 and 276.
46
What is the greatest common factor of 111912 and 24?
24
Calculate the highest common factor of 106225 and 275.
25
What is the greatest common factor of 20 and 512600?
20
Calculate the highest common divisor of 368 and 944.
16
What is the highest common divisor of 166 and 1823842?
166
Calculate the highest common divisor of 72806 and 15425.
617
What is the highest common divisor of 350 and 485870?
70
What is the highest common divisor of 620 and 46252?
124
Calculate the greatest common factor of 22 and 133298.
22
Calculate the highest common divisor of 469 and 3551.
67
What is the greatest common factor of 266 and 69141?
19
Calculate the greatest common factor of 304 and 146984.
152
Calculate the highest common divisor of 44861 and 1808.
113
What is the highest common factor of 6984761 and 133?
133
Calculate the greatest common divisor of 1442 and 11742.
206
What is the greatest common divisor of 9768 and 28712?
296
What is the greatest common divisor of 105 and 2630180?
35
What is the greatest common factor of 872 and 16093632?
872
Calculate the greatest common divisor of 15521 and 164560.
187
Calculate the greatest common divisor of 238400 and 750.
50
Calculate the greatest common divisor of 2739 and 5181.
33
What is the highest common divisor of 228 and 536?
4
What is the highest common factor of 216 and 1726?
2
Calculate the greatest common divisor of 72128 and 64.
64
Calculate the greatest common divisor of 18777 and 33.
33
What is the highest common divisor of 49852 and 1452?
484
Calculate the highest common divisor of 127517 and 1731.
577
What i